*2 - p + 2. Let a be t(1). What is the highest common divisor of 14 and a?
14
Suppose 48 = 31*x - 27*x. Suppose 4*g + 7 = m, 3*m - 2*g + 1 = x. Let d be ((-7)/2)/(1/(-6)). What is the highest common divisor of m and d?
3
Suppose -3*g + 239 = -5*c, -26 - 205 = -3*g - 3*c. What is the highest common factor of 117 and g?
39
Let v(n) = -31*n + 5. Let d be v(-2). What is the greatest common divisor of 1675 and d?
67
Let d = -23 - -77. Suppose -d - 54 = -2*p. Calculate the highest common divisor of 81 and p.
27
Let u = 81 + -75. Let j be -1*12*u/(-18). What is the highest common factor of j and 44?
4
Let l = 8 + -4. Suppose 0 = -4*k + 3*w + 15, 11 + l = -k - 3*w. Suppose 3*c - 2*c - 10 = k. What is the highest common divisor of 80 and c?
10
Let a(r) = -2*r**2 - 7*r + 8. Let t be a(-4). Suppose -t*p = -6 - 34. What is the greatest common factor of p and 130?
10
Suppose 52*k = -100 + 412. Suppose -4*m + 72 = -0*m. Suppose 4*h - m = h. What is the highest common factor of h and k?
6
Let p(t) = t**3 - 29*t**2 + 29*t - 6. Let x be p(28). Calculate the highest common factor of 594 and x.
22
Suppose -5*j + z + 1423 = 0, -23*j - 4*z = -24*j + 277. What is the greatest common factor of j and 95?
95
Let l(c) = -17*c + 163. Let s be l(9). Calculate the highest common divisor of 5 and s.
5
Suppose -2*v - 4*s + 16 = -3*s, 2*s - 38 = -5*v. Let h(t) = -28*t - 2. Let g be h(-2). Calculate the greatest common factor of g and v.
6
Suppose 236 = -4*j - p - 3*p, j - 2*p + 65 = 0. Let v = j - -105. Let x = -18 + v. What is the highest common factor of x and 104?
26
Let y = 71 - 7. Let d = 68 - y. Calculate the greatest common factor of d and 2.
2
Suppose -2*g - 9 = -3*k, -2*g + 2 + 4 = 0. Let p(u) = -2*u**2 + 12*u - 6. Let y be p(k). What is the greatest common factor of 8 and y?
4
Suppose -3*g = -v - 6, 2*v + 2*g = -3*v - 47. Let h be (-1 - v)/(16/16). Suppose -a - h = -2*a. Calculate the greatest common factor of a and 64.
8
Let h = 9 + 23. Let y = -9285 + 9445. Calculate the greatest common factor of y and h.
32
Suppose 5*m - 464 = -4*y, -m + 300 = 2*m - 3*y. Calculate the highest common factor of m and 60.
12
Let y(z) be the third derivative of -z**5/60 - z**4/4 + z**3/3 - 4*z**2. Let n be y(-6). Let k = 12 + -4. Calculate the highest common factor of k and n.
2
Let t be (-2990)/(-20) + 1/2. Calculate the greatest common factor of 30 and t.
30
Let o be (84/(-16))/((-9)/12)*2. What is the highest common divisor of 378 and o?
14
Let h = 31 - 22. Let g(m) = m**2 - 12*m + 16. Let r be g(9). Let s = h - r. Calculate the highest common divisor of s and 4.
4
Suppose 2*h = 9 + 1. Suppose 5*b - 55 = -f + h*f, -4*f = b + 13. What is the greatest common divisor of 1 and b?
1
Let t = -90 + 128. Suppose -b + t = 3*v, v + 3*v + b - 52 = 0. Suppose -57*f = -58*f + 42. What is the highest common factor of f and v?
14
Suppose -3*t + 12 = -0*t. Suppose c - 8 = 3*c. Let n(m) = m**3 + 5*m**2 + m - 2. Let v be n(c). What is the greatest common divisor of v and t?
2
Let s(t) = 19*t**3 - t**2 + 2*t - 1. Let p be s(1). Suppose -3*m - 1 + 4 = 0. Let z be -7 + m - -2 - -80. Calculate the highest common divisor of p and z.
19
Let d = -39 - -41. Let r be (2 - d/1) + 4. What is the greatest common factor of r and 2?
2
Let o = 1457 - 1398. Calculate the highest common factor of 1298 and o.
59
Let o = -36 - -82. Suppose 5*h - 108 - 355 = 3*l, 2*h - 5*l - 189 = 0. Calculate the highest common divisor of h and o.
46
Let b(y) = -21*y. Let f be b(-5). Suppose 0 = -5*o - 5*a + f, 3*o - 5*o - a + 37 = 0. Let h be (-20)/(-6)*36/30. What is the greatest common factor of o and h?
4
Let l = -217 - -273. Calculate the greatest common factor of l and 21.
7
Let b = -33 + 88. Let w be ((-7)/(-5 - 2))/1 + -3. Let d be 4 + -2 + b + w. Calculate the highest common factor of 11 and d.
11
Suppose 0 = -u - z + 56, 0 = 3*u + 2*z - 83 - 84. What is the greatest common divisor of u and 55?
55
Suppose 3*t - 38 + 29 = 0. Suppose -4*n = -3*o + 29, -4*o = n - 0*n - 7. What is the greatest common factor of o and t?
3
Suppose -54*i = -59*i + 1050. What is the highest common divisor of 126 and i?
42
Let a(j) = 102*j**3 - 4*j**2 + 3*j + 1. Let g be a(1). What is the greatest common divisor of g and 238?
34
Let y = -716 + 764. Calculate the highest common divisor of y and 1440.
48
Let v be (-168)/((1*4/4)/(-1)). Calculate the highest common divisor of 16 and v.
8
Suppose -5*i = 4*h - 104, 17 + 99 = 5*i + h. Let q = i - 14. Let z = -58 + 83. What is the greatest common divisor of z and q?
5
Let g be ((-378)/(-10))/((-21)/(-105)). Calculate the highest common divisor of 84 and g.
21
Suppose 8*v = 12*v - 452. Suppose -v*p = -111*p - 12. Calculate the highest common factor of 12 and p.
6
Suppose 10*d - 15*d - b + 12 = 0, 0 = 4*d + 5*b + 3. Let i = -41 - -77. Calculate the highest common divisor of d and i.
3
Let c be -1*(-2)/(-2) - -1*2. Let n be 25 + ((-3)/(-1))/(c/1). Let t = 24 - 17. Calculate the greatest common factor of t and n.
7
Suppose 2*d = 5*d - 3. Let u(z) = z**3 + 3*z**2 + 8*z + 25. Let h be u(-3). Calculate the highest common factor of d and h.
1
Suppose -7*a + 10*a = 24. Suppose a = p - 8. What is the greatest common factor of 144 and p?
16
Let o = 19 - 17. Let u(i) = 8*i**2 - 2*i + 2. Let j be u(o). Calculate the greatest common factor of j and 30.
30
Suppose -134*z = -130*z - 3*j - 51, 25 = -5*j. Calculate the greatest common factor of z and 18.
9
Let b be ((-152)/4*-1)/2 - -1. Let h = 1 + 1. Suppose -h*a = -5*a + 6. Calculate the highest common factor of b and a.
2
Suppose -2*q = -2*j - 44, -4*q + 2*q + 4*j + 52 = 0. Suppose -2*l = -3*i + 32, -l + 5*l + 52 = 5*i. Calculate the greatest common divisor of i and q.
6
Suppose -23*q - 250 = -28*q. Suppose 0*a = -5*a + q. What is the greatest common factor of a and 30?
10
Let p be 1/3 + 226/6. Suppose 76 = 2*g - l, g - p = -2*l - 10. Let q be (((-28)/(-10))/1)/(2/180). Calculate the highest common factor of q and g.
36
Let o = 2609 + -2545. What is the greatest common divisor of 216 and o?
8
Let h = -736 + 3112. Calculate the highest common divisor of 54 and h.
54
Suppose 2*j - 18 = 12. Suppose 466 = 5*a + 5*n + 176, a - 4*n - 68 = 0. Calculate the greatest common divisor of j and a.
15
Let v(g) = 3*g + 18. Let s be 360/63 + 4/14. Let h be v(s). What is the highest common divisor of h and 9?
9
Let h(s) = 6*s - 73. Let o be h(14). What is the highest common factor of 209 and o?
11
Let x = 83 + -33. Calculate the highest common divisor of 30 and x.
10
Let h be ((-428)/(-10))/1 - (-1)/5. Let j = h + 101. Calculate the greatest common factor of 12 and j.
12
Let l(n) = -21*n + 75. Let x be l(3). Calculate the highest common divisor of x and 52.
4
Let s(a) = a**2 - 3*a + 2. Let p be s(0). Let j be p/(-8) + (4/16 - -2). What is the greatest common factor of 8 and j?
2
Let d(r) = r**2 + r + 1. Let m be d(-3). Let p = m - 5. Suppose 0 = 79*u - 86*u + 70. Calculate the greatest common factor of p and u.
2
Let x(o) be the first derivative of o**4/2 - 2*o**3/3 + 5*o**2/2 - 3*o + 7. Let f be x(2). Calculate the highest common factor of f and 75.
15
Let k be 686/19 - (-68)/(-646). Calculate the highest common divisor of 48 and k.
12
Let m = 1393 - 1388. What is the highest common divisor of m and 27?
1
Suppose 9*z - 231 - 111 = 0. Calculate the highest common factor of z and 57.
19
Let r = -1754 - -1845. What is the highest common factor of 533 and r?
13
Suppose -4*l + 115 = 5*g, 3*g - 90 - 70 = -5*l. What is the greatest common factor of 10 and l?
5
Let i(p) = -p**3 - p**2 - p - 33. Let x be i(0). Let z = x + 13. Let j = -12 - z. Calculate the greatest common factor of 20 and j.
4
Let h be 3/(1*4/(-96)). Let i = -48 - h. Calculate the greatest common divisor of i and 8.
8
Let a(u) = -2*u**2 - 2*u + 602. Let v be a(0). Calculate the highest common factor of v and 7.
7
Let g(s) = 8*s - 94. Let n be g(14). Calculate the greatest common factor of 234 and n.
18
Let i = 87 - 24. Let n = i + -23. Calculate the highest common factor of 5 and n.
5
Suppose -7*i + 126 = -126. What is the greatest common divisor of 72 and i?
36
Let c(u) = -19*u - 14. Let r(v) = -9*v - 7. Let k(p) = 3*c(p) - 7*r(p). Let l be k(3). Calculate the greatest common divisor of l and 25.
25
Let f(d) be the third d